v(d)?
2, 79
Suppose -k - q + 278 = -275, -5 = -q. List the prime factors of k.
2, 137
Suppose j = -3*s + 551, 5*s - 181 = 2*j - 1228. What are the prime factors of j?
2, 67
Let p = 941 + -541. What are the prime factors of p?
2, 5
Let p(y) = 3*y**2 + 22*y + 21. List the prime factors of p(-16).
19, 23
What are the prime factors of 74/481 - 11464/(-13)?
2, 3, 7
Let j = 123 + -81. Suppose -3*c = -m - 5, -3*m + 2*m = -5*c + 9. List the prime factors of 0/c - j/(-2).
3, 7
Suppose -2*l - 2 = 16. What are the prime factors of (86/6)/(l/(-27))?
43
Let u(q) = q**2 - 3*q + 46. List the prime factors of u(-12).
2, 113
Let s = 1 + -6. Suppose 5*x + 27 = 77. What are the prime factors of s/x*(-44)/2?
11
Let q(p) = -p**2 + 16*p + 7. Let m be q(16). Suppose -168 = m*o - 10*o. List the prime factors of o.
2, 7
Let o be 183/2*(-32)/(-12). Suppose -11*u = -15*u + o. List the prime factors of u.
61
Suppose 6*a = 52 + 8. Let i = 35 - a. Suppose -h = -i - 11. What are the prime factors of h?
2, 3
Let h = 13 + -43. Let m be h/8 + (-1)/4. Let p = m - -17. What are the prime factors of p?
13
Let o(t) = -t**2 - 8*t - 13. Let m be o(-7). Let g be m/8 - 639/(-4). Suppose g + 6 = 5*w. What are the prime factors of w?
3, 11
Let s = 398 - 218. Suppose 0 = 7*q - 628 + s. What are the prime factors of q?
2
Suppose -2*x = -3*a - 5*x + 15, 3*a + 1 = x. Let q be 42 + 0/(-2) - a. Suppose -3*c + 5*s = -41, -5*c + 2*s + q = -2. What are the prime factors of c?
7
Suppose 36*q - 33*q = 1434. List the prime factors of q.
2, 239
Suppose 4*g - 155 = 2133. What are the prime factors of g?
2, 11, 13
Suppose 5*j + 2*m - 19724 = 11444, -4*m = -4*j + 24912. List the prime factors of j.
2, 19, 41
List the prime factors of 2836*((-8)/(-36) - 3/(-108)).
709
Let n(l) = 106*l**3 + 9*l**2 - 4. What are the prime factors of n(3)?
2939
Let y(z) = -6*z**3 - 2*z**2 - 2*z - 1. Let f be y(-1). Suppose -70 = 4*i - 2*k, 0 = f*i - i + 4*k + 100. List the prime factors of (-1030)/i + (-1)/2.
3, 17
Suppose -3*h - 2*h - 2*y + 266 = 0, y + 2 = 0. Let g(j) = -38*j**2 - 2*j - 1. Let z be g(-1). Let x = z + h. What are the prime factors of x?
17
Suppose -42421 = 47*t - 221162. List the prime factors of t.
3803
Let z be 9 + (1 - 3) - 2. Suppose -z*t = 3*k - 100, -4*t + 48 = 2*k - 34. Suppose -4*g = -25 - t. What are the prime factors of g?
2, 3
Let q(d) = 0*d + d**2 + 12 - 4*d + 15*d. Let l be q(-9). List the prime factors of ((-4)/l)/((-6)/(-495)).
5, 11
Let s(b) = -4*b - 13. Let j be s(-4). Suppose -h + 3 = -j. What are the prime factors of h?
2, 3
Suppose -o = o + 2*w, 0 = -3*o + 5*w + 16. Suppose 4*x - 3*y - 2 = 1, -o*x = 5*y - 21. Let m(t) = -t**3 + 5*t**2 - 5*t + 3. List the prime factors of m(x).
2, 3
Let m = 500 - 212. List the prime factors of m.
2, 3
Let l = -11 - -16. Let n = 115 + -81. Suppose 4*c + n = 2*h, 4*c - l*c - 13 = -h. List the prime factors of h.
3
Let i(c) be the second derivative of c**4/12 - c**3/3 - c**2/2 + 3*c. Suppose 0 = -2*h + 2*x + 14, -h = -3*x - 2 - 7. List the prime factors of i(h).
23
Suppose 0 = -2*j + 2*y + 21 + 5, 5*j = -5*y + 15. Let l be (-4)/j*6 - 1. What are the prime factors of 25 - (-5)/((-10)/l)?
3
Let m be ((-2)/6)/((-10)/60). Let u be 1/(((-4)/m)/(-8)). Suppose -j + 19 = u. What are the prime factors of j?
3, 5
Suppose 0 = 2*u - 380 - 358. Suppose i + i - u = 5*p, 0 = 4*i + p - 727. Suppose 4*a = 5*g + i, 3*a = 4*a + 5*g - 58. List the prime factors of a.
2, 3
Let y(j) = 65*j**2 + 5*j + 62. What are the prime factors of y(6)?
2, 19
Let a(x) = -x**3 - 3*x**2 - 3*x - 5. Let p be a(-2). List the prime factors of 0 + 0 - 12/p.
2
Let k(d) = d + 9. Let b = -13 - -18. List the prime factors of k(b).
2, 7
Let j = -46 + 107. Suppose j = h + 2*f, 11 = -2*f + 1. What are the prime factors of h?
71
Suppose 4*r + 855 = q, 4*q + 5*r - 1857 - 1521 = 0. What are the prime factors of q?
7, 11
Suppose 4*u = 3*l + 27, 0 = -2*u - 2*l - 2*l - 14. Suppose -6*v + 1467 = u*v. What are the prime factors of v?
163
Let c be ((-60)/(-18))/((-1)/(-285)). Suppose -c = 10*r - 15*r. List the prime factors of r.
2, 5, 19
Let u = 28 - 23. Suppose u*r = 3*r + 112. List the prime factors of r.
2, 7
Suppose -f + 98 + 87 = 0. Suppose 5*j - 160 - f = 0. List the prime factors of j.
3, 23
Suppose 3*y + 4154 = 4*a, 2074 = 3*a - a - 3*y. Suppose 15*d = 5*d + a. What are the prime factors of d?
2, 13
Let p(y) be the second derivative of y**4/6 + y**3/2 - 6*y. Let a be -1*(0 - -2) + 0. What are the prime factors of p(a)?
2
Suppose 0 = -3*q + 4*q - 2. Let s(f) = 3 - f - 10 + q*f + 3. List the prime factors of s(9).
5
Let n(a) = 8*a**2 - 19*a - 21. What are the prime factors of n(9)?
2, 3, 19
Suppose 0 = -5*x - c + 4, 4*c + c = -4*x + 20. Suppose x = 2*u - 5*p - 218, 3*p - 121 = -u - 34. List the prime factors of u.
3, 11
Let u(y) = y**3 - 10*y**2 - y + 14. Let z be u(10). Suppose o - 6*o + 223 = z*a, 3*a + 5*o - 171 = 0. What are the prime factors of a?
2, 13
List the prime factors of 88938/427*1/3*14.
2, 3
Suppose 19*h - 1098 = 23431. What are the prime factors of h?
1291
Let y = -19 - 5. Let k = y + 26. Suppose 5*p - 4*b = 40, p + 2*b - k = 4*b. List the prime factors of p.
2, 3
Suppose 0 = -i - g + 3*g + 136, 0 = 5*i + 5*g - 605. List the prime factors of i.
2, 3, 7
Suppose -33*j + 45862 = 13*j. List the prime factors of j.
997
Suppose 3*b + 5*m = 955, -3*b + 920 = -4*m + 2*m. List the prime factors of b.
2, 5, 31
Suppose -2*h + 2 = 0, t + 45 = 6*t + 5*h. Let i = -8 + 16. List the prime factors of i/(-32) + 290/t.
2, 3
List the prime factors of (-2)/((-112)/(-13566))*(-16)/3.
2, 17, 19
Suppose 12 = -3*s, -6 + 34 = -4*g - s. List the prime factors of 7/(21/333)*(-10)/g.
5, 37
Suppose 11*g = 51 + 4. Suppose -123 = -5*i - 4*o + 153, 0 = 2*i - 4*o - 88. Let f = g + i. List the prime factors of f.
3, 19
What are the prime factors of ((-12)/(-27))/(30/92205)?
2, 683
Let o be ((-2)/(-3))/((-10)/(-9195)*1). Suppose p - 142 = -0*s + 2*s, -4*p - s + o = 0. List the prime factors of p.
2, 19
Let o be 3/(-6)*4 + (2 - -255). Suppose -9*j + 6*j + o = 0. What are the prime factors of j?
5, 17
Let s(v) = -5*v - 15. Let p be s(-4). Suppose -5*w + p*u + 35 = 0, 19 = w + 2*u + 3*u. What are the prime factors of w?
3
Suppose -4*l + 2 = -3*d - 3, 0 = 2*l - d - 3. Suppose 16 = l*p - 3*v, 11 = 2*p - 2*v - 5. List the prime factors of p.
2
Let l = -30 - -18. Let w = 23 + l. Let p = 27 - w. List the prime factors of p.
2
Suppose -5*g = -4*q - 499, 0 = 2*g + g + 3*q - 294. What are the prime factors of g?
3, 11
Let s = 200 - 112. Suppose -3*v = -149 - s. List the prime factors of v.
79
Suppose -11*w + 13*w = -s + 650, -w = -2*s - 330. What are the prime factors of w?
2, 163
Suppose 0*z + 696 = 3*z. Suppose z + 40 = -4*d. List the prime factors of 33/22*d/(-3).
2, 17
Suppose 0 + 5 = t. Suppose 0*s = t*s. Suppose -4*j + 94 = -s*u + 2*u, -3*j = -5*u - 77. What are the prime factors of j?
2, 3
Let w(k) = 7*k**2 + 3*k + 1. Let i be w(-2). Let a = 28 - i. Suppose 0 = a*o - 180 - 50. What are the prime factors of o?
2, 23
Let f(v) = 149*v**2 - 5. List the prime factors of f(-2).
3, 197
Suppose -21201 = -3*q - 34*q. List the prime factors of q.
3, 191
Suppose -5*a + 121 = t, -223*t + 226*t - 5*a = 303. List the prime factors of t.
2, 53
Let s = 1219 + -1207. What are the prime factors of s?
2, 3
Suppose -m = 4*j - 218, j - 10*m - 56 = -11*m. What are the prime factors of j?
2, 3
What are the prime factors of (1 + 0/(-1))*411?
3, 137
Suppose 4*k + 5*j = -2, 0 = -k - 4*j - 1 - 5. Suppose 0 = -3*s - k*s + 75. What are the prime factors of (-3)/(s/12 + -2)?
2
Let u(a) = 11*a**2 + 15*a - 105. What are the prime factors of u(-11)?
1061
Let h(v) = v + 10. Let d be h(-9). Let s(u) = 4*u**3 - 2*u**2 + 1. Let l be s(d). Suppose 3*n - 38 = 5*t, n - 13 - 5 = l*t. List the prime factors of n.
2, 3
Let i(k) = 4*k**2 + 4*k - 3*k**2 + 3 + 0*k**2 + 1. Let x be i(-4). Suppose 0 = -a + x*u + 2, -3*a + 14 = -3*u - 1. What are the prime factors of a?
2, 3
Let j(f) = 18*f**2 - 10*f - 4. List the prime factors of j(6).
2, 73
Let n be (-2 + -4)/(-2) + 5. Let v be n/(2 + 0 + -4). Let x(h) = h**3 + 4*h**2 - 4*h - 2. What are the prime factors of x(v)?
2, 7
Let m(c) = -7*c**3 - 6*c**2 - 2*c - 4. Let f be m(-4). What are the prime factors of (1/2 - 0) + f/8?
3,